and p.
3
Suppose -l - 5*w + 58 = 0, -2*l + 64 = 4*w - 22. Calculate the highest common divisor of 264 and l.
33
Let l = -67 + 97. Let p be (-6)/(-18) + (-35)/(-3). What is the highest common factor of p and l?
6
Let w be 4 - (-2)/((-4)/(-142)). Suppose -3*g - g - 4*d + 136 = 0, 0 = 2*d - 8. Calculate the greatest common divisor of w and g.
15
Let i be 3/12 + 52/(-16). Let k(w) = -w - 2. Let m be k(i). What is the highest common factor of m and 3?
1
Let y(d) = 7*d**2 - 19*d - 13. Let m(n) = 4*n**2 - 9*n - 7. Let f(l) = 5*m(l) - 3*y(l). Let h be f(6). Calculate the greatest common factor of h and 16.
8
Suppose -2*n + 211 = 19. Calculate the greatest common factor of n and 64.
32
Let i = -4 - -4. Suppose i = l - 10 - 3. Calculate the highest common divisor of 117 and l.
13
Suppose -2*o = -11*o + 2457. Calculate the highest common divisor of 21 and o.
21
Let k(j) = j**3 - 3*j**2 - 4*j. Let n be k(4). Let h = n + -5. Let r be (2/h)/(4/(-300)). Calculate the highest common divisor of r and 10.
10
Let s = -3 - -39. Calculate the highest common factor of s and 24.
12
Let r = -201 + 370. Calculate the greatest common factor of r and 26.
13
Let v be ((-3)/(-2))/(2/(-20)). Let q be (-21)/(-14) + 42/4. Let c be (q/v)/(2/(-15)). Calculate the highest common factor of 6 and c.
6
Let m = -6 - -27. Calculate the highest common factor of 7 and m.
7
Let z(m) = 2*m. Let d be z(2). Let i be ((-10)/d)/(3/(-24)). What is the highest common divisor of i and 4?
4
Let a be -3*3*4/(-18). Suppose -6*o = -a*o - 8. Calculate the greatest common factor of o and 1.
1
Let r be 0 - (-71 + -1)*1. Suppose 0 = 141*l - 134*l - 56. Calculate the greatest common divisor of r and l.
8
Let t(z) = 7*z - 6. Suppose 9*i - 30 = 4*i. Let n be t(i). What is the highest common factor of n and 12?
12
Let p = -6 + 2. Let o be (-110)/6 - (-1)/3. Let k = p - o. Calculate the greatest common divisor of 7 and k.
7
Suppose 5*i - 160 - 165 = 0. What is the highest common divisor of 26 and i?
13
Let o be 2/(0 + -1)*-11. Calculate the highest common divisor of 198 and o.
22
Let x be 5*2/10*3. Suppose 3*w - f - 14 = 0, 5*w = 3*w + x*f. Suppose 5*i - 2*z - 33 = 0, i + w = -2*z + 3. What is the highest common factor of 45 and i?
5
Let u be (6 + -5)*(-4)/(-1). Let z(w) = -21*w. Let s be z(-1). Suppose 39 = u*c - s. Calculate the highest common factor of 75 and c.
15
Let u(c) = -22*c - 1. Let y be u(-1). Suppose 3*r - 105 = 2*r. Suppose -r = 2*j - 7*j. What is the greatest common factor of j and y?
21
Let l(d) = 23*d + 2. Let t be l(2). Suppose -3*g - 4 = 2*p, 5*p - 3*g = -0*g - 52. Let o be p/36 + (-292)/(-18). What is the greatest common factor of t and o?
16
Let b be (-1 - -13)/(5 + -3). What is the highest common divisor of b and 18?
6
Suppose -4*f = -15 - 13. Let l = f - 2. What is the greatest common divisor of 55 and l?
5
Let u(o) = o**3 - 11*o**2 - 12*o + 4. Let s be u(12). Calculate the highest common factor of s and 6.
2
Let b be 4/8*(1 + 53). Suppose -4*s = -b - 33. What is the highest common factor of 10 and s?
5
Let v = 52 - 28. Suppose 6*z = 3*z + 180. Suppose -4*b + 2*l + z = 0, -b - l + 82 = 4*b. What is the greatest common divisor of b and v?
8
Let o = -27 + 36. Calculate the highest common divisor of o and 9.
9
Let h be -3 - (-2 - (-3 - -19)). Suppose 2*u - 6*u = 0. Suppose 4*b = -u*b + 120. Calculate the greatest common divisor of b and h.
15
Suppose 0 = 4*r - 3*y - 23, 4*r + y + 2 = -y. Suppose -5*f + 3*p = -43, -3*f + r*f = p - 7. What is the greatest common divisor of 40 and f?
8
Suppose 16 = 2*a - 8. Let n = -130 + 133. Calculate the highest common factor of n and a.
3
Let c(w) = 4*w - 29. Let s be c(8). Suppose -3*i + 14 = -2*u - 10, -4*i + 15 = 3*u. What is the highest common factor of i and s?
3
Let z = -6 - -14. Calculate the highest common factor of 1 and z.
1
Let d(g) = 4*g**3 - 18*g**2 + 3*g + 6. Let f be d(7). What is the greatest common factor of f and 47?
47
Let l be ((-80)/5)/((-4)/54). What is the greatest common factor of l and 24?
24
Let x be 24 + -1 + (-3)/(-3). Calculate the highest common factor of x and 216.
24
Let b = -183 + 315. Let p = b + -72. Suppose 6*a = 3*a - 4*q + 76, -q = -4. What is the greatest common divisor of p and a?
20
Let k be 2/1 + (44 - -2). Suppose -7*p = -4*p - 9, 3*s + 30 = 2*p. Let z = s - -14. What is the greatest common divisor of z and k?
6
Let s = -12 - -18. Let n = s - -6. What is the greatest common divisor of n and 96?
12
Let z(c) = 8*c**3 + c**2 - c. Let b be z(2). What is the greatest common factor of b and 6?
6
Suppose -5*l - 14 + 4 = 0, 4*u - l - 178 = 0. Suppose 2*m - 6*m = -u. What is the greatest common factor of m and 88?
11
Let z(k) = 3*k + k**2 - 37 - 2*k + k + 36. Let d be z(-4). Suppose 0 = t + 2 - 3. Calculate the highest common divisor of d and t.
1
Let n = -43 + 61. Calculate the highest common divisor of n and 162.
18
Let w be (8/24)/(1/15). Suppose -2*m + m = -w. Calculate the greatest common divisor of 20 and m.
5
Suppose -70*c = -71*c + 41. Calculate the highest common divisor of 287 and c.
41
Let y be ((-5 + 8)*9)/(1/3). Calculate the highest common factor of y and 9.
9
Suppose b = -2, 4*b - 17 = 3*p + 2*b. Let q = p + 8. What is the highest common divisor of q and 9?
1
Let k = -30 + 50. What is the greatest common divisor of k and 20?
20
Suppose -2*q - 2*q + 20 = 0. Let z = q + -5. Let x be (z - 2)*1*-12. What is the highest common factor of x and 60?
12
Suppose 2*h - h = 3*o - 7, h + 4*o - 7 = 0. Let g(q) = -33*q**3. Let u be g(h). What is the greatest common factor of u and 11?
11
Let y(f) = f**3 - 20*f**2 - 21*f + 42. Let h be y(21). Calculate the highest common divisor of 105 and h.
21
Suppose 0 = -x - 2*y + 91, -x = -5*y - 0*y - 77. Suppose -5*o + a + 380 = 0, 0*a - x = -o - 2*a. Calculate the highest common divisor of 7 and o.
7
Suppose 13*b = 17*b - 100. What is the highest common divisor of 5 and b?
5
Suppose -11*d - 78 = -13*d. Calculate the highest common divisor of 13 and d.
13
Suppose 0 = -2*z - 2*z - 8, -3*c = 4*z - 28. Let d = 8 - c. Let v be d/(-10) + 48/5. What is the greatest common factor of v and 1?
1
Let n(q) = -12*q + 5. Let w be n(-3). What is the greatest common factor of w and 82?
41
Suppose 0*j + j - 7 = 0. Let w be 6/21 - (-614)/j. Calculate the greatest common factor of 8 and w.
8
Suppose 22 = -5*k + 67. Calculate the greatest common factor of k and 72.
9
Suppose 5*f = 5*l, -2*l + f = -5*l - 20. Let k be (1 - 1) + 6 + 0. Let p = l + k. What is the highest common factor of 10 and p?
1
Suppose 0 = 4*x + 4, 2*a + x = 6*x + 59. What is the greatest common factor of 9 and a?
9
Let n(r) = -r**2 - 4*r. Let h be n(-3). Suppose 0 = 5*y - 42 - h. What is the highest common divisor of y and 9?
9
Let a = -81 - -114. What is the greatest common divisor of 22 and a?
11
Let l be 1 - (-1 - (2 - 2)). Suppose -2*h + h + 4*n + 19 = 0, -2*n = l*h - 8. Let b = -111 + 132. Calculate the greatest common divisor of h and b.
7
Let p be (-2)/(-11) - (-1372)/77. What is the greatest common divisor of 27 and p?
9
Suppose -p = p + 2*k, 0 = -4*p - k + 12. Let u(a) = a**3 - a**2 - 6*a + 4. Let d be u(p). Calculate the highest common factor of 42 and d.
14
Let p(s) = s**3 + 3*s**2 - 3*s - 4. Let o be p(-3). Suppose -2*l + o = 1. What is the greatest common factor of 8 and l?
2
Let w be 4*(9/12 + (-1 - -4)). Calculate the highest common factor of w and 120.
15
Let p = -9 + 10. Suppose -5*l - p + 121 = 0. What is the highest common divisor of l and 16?
8
Let l(d) = 20*d. Let z(x) = x. Let v(g) = -6*l(g) + 168*z(g). Let w be v(2). What is the highest common factor of w and 12?
12
Suppose 3*p = 9 + 3. Suppose p*l + 0*l = 56. Calculate the highest common factor of l and 14.
14
Let o = 20 + -17. Suppose 2*k + 11 = o, -k = 5*q - 106. What is the greatest common divisor of q and 55?
11
Suppose 0 = 3*w + 2*w - 3*t - 35, -3*t = -15. Let l(f) = -10*f - 5. Let u be l(-3). What is the greatest common divisor of u and w?
5
Suppose 267 = 3*o + 2*d, 0 = 3*o - 6*o - 3*d + 264. Let x(b) = -b**3 - 10*b**2 - 9*b + 13. Let j be x(-9). What is the greatest common factor of o and j?
13
Let b(u) = -u. Let s be b(-4). Let r be s*(3 - 14/(-4)). Suppose -o + r = o. What is the highest common factor of o and 13?
13
Let l be (-2*1)/(0 + -1). 